- 5*s - 1. Let r be g(-3). Is c(r) composite?
False
Let u = 45891 + -22034. Is u composite?
False
Suppose -5*t = 15, -7*o = -2*o + 5*t + 35. Let x be o*(-4244)/(-16)*-2. Suppose x = 5*u - 223. Is u a composite number?
True
Let p be (-6)/(-10) - (-114)/10. Is (3/(-2))/(p/16) - -1903 prime?
True
Let r be 3/(9/(-3)) + 3. Is r + (-4 - 674/(-2)) composite?
True
Let o = -12 - -14. Suppose 2*t + 80 = 4*t. Let c = t - o. Is c a composite number?
True
Let n(k) = -k**2 - 8*k - 4. Let u be n(-6). Suppose -c + 59 = 5*t, t - 5*c + 1 = -u. Is t a prime number?
True
Let t(j) = 136*j**2 - j - 12. Let g be t(-3). Suppose 2*z - g = 277. Is z prime?
False
Let y be 6/21 - (-61)/7. Suppose -56 = -g + 5*n, y*g - 4*g = -4*n + 251. Is g prime?
False
Suppose -4*w + 4 = -0*q - q, 2*w + 2*q + 8 = 0. Suppose -s + w = -1, h = -4*s + 1349. Is (-2)/8 - h/(-20) a prime number?
True
Suppose 5*n - 2561 = 10*h - 11*h, -4*n + 7727 = 3*h. Is h composite?
True
Suppose -360 = -5*u - 910. Let n = -26 + 32. Is (-46)/(-69) - u/n a composite number?
False
Let p be (2/3)/((-4)/54). Let d be (-101109)/(-27) + (-2)/p. Suppose -5*l - 570 = -d. Is l a prime number?
False
Let x(f) = -16*f**2 + 2*f + 16. Let c be x(-5). Let w = -195 - c. Is w composite?
False
Suppose 27*u = 21*u + 9102. Is u a prime number?
False
Suppose 17*k - 65675 = -8*k. Is k composite?
True
Suppose 0 = -18*z + 17*z + 7562. Suppose -8*b + 16 = -4*b, 0 = 2*x - 2*b - z. Is x a prime number?
False
Let h = -229 + 972. Is h a composite number?
False
Let u = 70 - 49. Suppose -19*h = -u*h + 5696. Is (h/(-4))/(-4) - -1 a prime number?
True
Let g = 40 - 49. Let i(h) = 22*h**2 - 11*h + 8. Is i(g) a prime number?
True
Suppose -3*u = 2*u - 5*i - 5, -2*i = 5*u - 19. Is (-14)/42 + 394/u prime?
True
Let n(q) = q**3 + 3*q**2 - 4*q + 6. Let y be n(-4). Is (15153/(1/((-4)/y)))/(-2) prime?
True
Let x(t) = -104*t + 141. Is x(-7) prime?
False
Suppose -233 = -3*o + 4*o. Let q = o + 1054. Is q composite?
False
Let z(g) = g**3 + 26*g**2 - 7*g + 3. Let q be z(-8). Suppose -i = -2*h - 1773, 2*h - 2347 - q = -2*i. Is i a composite number?
False
Suppose 0 = 5*l + v + 3, -4*l = 2*v + 3*v + 15. Suppose 0 = -5*t - 0*t + 20, -5*b + 5*t - 20 = l. Suppose -2*o + 28 + 82 = b. Is o a prime number?
False
Let k(t) = 31*t**2 - 9*t - 17. Is k(-8) a composite number?
False
Suppose 5*l = -5*m + 3*l + 23, -21 = -5*m - 4*l. Suppose -m*f - 240 = -985. Is f a composite number?
False
Let s = 1629 - 671. Is s a prime number?
False
Let o(x) = 63*x**2 - 12*x + 48. Let g be o(7). Let s = g - 1796. Is s a prime number?
False
Let i(w) = -25*w + 8. Let b be i(4). Let l = b - -189. Is l a prime number?
True
Let t(n) = 9*n + 3. Let g(f) = 27*f + 10. Suppose 3*y + 0*j = -5*j + 21, 3*y - 4*j + 6 = 0. Let a(k) = y*g(k) - 7*t(k). Is a(-6) a composite number?
False
Let v = -13227 - -25678. Is v a composite number?
False
Is (2286/24)/((-6)/(-296)) prime?
False
Suppose 1 = -11*a + 23. Let y(r) = -r + 7. Let k be y(7). Suppose 3*j = k, -40 = -a*s - 3*j + 34. Is s prime?
True
Suppose 43*m = 19*m + 322104. Is m prime?
True
Let i be (-1)/3 - (-105425)/15. Is -1 - (i/(-6) - 4/6) prime?
True
Let l(y) = y**3 + 6*y**2 + 5*y - 5. Let s be l(-5). Let t = s + 3. Is (6341/34)/(t/(-4)) a prime number?
True
Suppose 44*s + 2*a - 135850 = 40*s, 5*s + 4*a - 169817 = 0. Is s a prime number?
True
Let j = 10806 + 1197. Is j composite?
True
Let g be 21/(-12) - 3/(-4). Is (-1 - -374) + g - 1 a composite number?
True
Suppose 0 = -7*o + 8*o - 361. Suppose -8*t = -2095 - o. Is t a prime number?
True
Let p be (6 + -579)*(-8)/6. Let g(y) = -13*y**3 + 2*y**2 - 2*y + 1. Let c be g(1). Is (6/c)/((-2)/p) a prime number?
True
Let l(o) = 178*o**2 - 2. Let z be l(3). Suppose 4*d = 2217 - 837. Suppose -5*w - d = -z. Is w composite?
False
Suppose 5*j + 0*u = -4*u - 1792, 724 = -2*j - 4*u. Is (-4 - -11)/((-4)/j) composite?
True
Suppose 7*l - 4*l - 5*q - 7316 = 0, 7313 = 3*l - 2*q. Is l a prime number?
True
Is 7 + 7821 + 2 + -1 composite?
False
Let w(r) be the first derivative of 127*r**3/3 - r**2/2 - 3*r + 11. Is w(2) prime?
True
Suppose 22*n - 23*n + 3 = 0. Is (-1497)/(n/(-3))*5/15 a composite number?
False
Let v = 101 - 71. Suppose 5*n - 148 = -2*c, -4*c - v + 354 = -4*n. Is c prime?
True
Let f = -147 - -3518. Is f prime?
True
Let a = -4508 + 7373. Suppose a = 10*o - 7*o. Is o composite?
True
Let z(l) = -6*l - 25. Let t be z(-5). Suppose -5*j = -4*j - 315. Suppose -4*r = 2*v + 18 - 154, 5*r - j = -t*v. Is v composite?
True
Let h(u) be the first derivative of u**2 + 6*u + 1. Let q be h(-5). Is (-118)/q + 6/4 a prime number?
True
Is (7556/4)/((-10)/(-110)) a composite number?
True
Suppose -9*y = -2*y - 1827. Let w = y - 24. Is w prime?
False
Suppose 0 = n + 2, 3*i - 1433 - 2762 = -n. Is i a prime number?
True
Suppose p - n - 94 = 0, -23 = p - 2*n - 114. Let b be 14/6 + 2/(-6). Suppose -c + b*c = p. Is c a composite number?
False
Let p(h) = 2*h - 6. Let l be p(10). Let b = l - 12. Suppose -b*a = i - a - 125, 3*i - 383 = a. Is i prime?
True
Suppose 3*h - 9 = 0, 2*y - 5*y + 4*h = -72795. Is y composite?
True
Let d = 31 + 29. Let o be d/33 - (-6)/33. Suppose 3*m - 393 = 4*w, -o*m = -3*m - 2*w + 121. Is m a composite number?
False
Let z = -1264 - -4021. Is z composite?
True
Let c be (-18)/4*16/(-3). Suppose c = 4*f + z, 0 = -f + 3*z - 7 + 26. Suppose f*y + 4*t = 2*y + 1673, 0 = 5*y - t - 1688. Is y a composite number?
False
Suppose -40090 + 13792 = -54*b. Is b composite?
False
Suppose 2*k + 43 = 4*k - 3*t, -2*t + 2 = 0. Let j = k + 20. Suppose v + 0*v - j = 0. Is v composite?
False
Let n = -6021 + 9988. Is n a prime number?
True
Let m be -1 + 2*3/6. Suppose -3*l + m*l - a = 138, -5*l - a - 228 = 0. Let j = 52 - l. Is j prime?
True
Suppose 2*q + i - 12 = 0, 0*i - i = -2*q + 4. Let s = -25 + 25. Suppose q*d - 5*d + 91 = s. Is d prime?
False
Suppose 4*t + 5*n + 301 = 785, -3*t = -5*n - 328. Suppose 2*y - 2*q = t, 3 - 15 = -3*q. Is y a prime number?
False
Let t = -144603 + 268212. Is t a prime number?
False
Let f = -3488 + 2147. Let a = f + 2818. Is a a prime number?
False
Let o(c) = 5*c**3 - 12*c**2 + 11*c + 6. Let a(z) = -14*z**3 + 35*z**2 - 32*z - 18. Let n(k) = 6*a(k) + 17*o(k). Let x be n(-7). Is (-210)/x - (-1)/2 composite?
False
Suppose -4*t + 573 + 555 = -2*w, -2*w - 3*t = 1163. Let s = w + 869. Is s prime?
False
Let m = -107 + 111. Suppose -567 = 2*r - 3*r - m*l, -2*r = -3*l - 1189. Is r composite?
False
Is 846944/21 - (-3 + (-8)/(-3)) a prime number?
False
Suppose -3*m - 29 = -3*q + 2*m, 4*m + 25 = 3*q. Suppose 2*y + q*k = y + 133, -4*y - 3*k = -568. Is y composite?
True
Let h = 21 + -45. Let s = -20 - h. Is ((-2274)/(-4))/(6/s) composite?
False
Suppose 3*o + g = 54680, o - 9*g + 5*g - 18231 = 0. Is o a composite number?
True
Let t(r) = -1 + 6*r**2 - r**3 + 9 + 8 + 7*r**2 + 6*r. Is t(13) composite?
True
Is 0/(-10) + (586 - 0) prime?
False
Suppose -2*o - 2 = -6, 0 = -4*c - 2*o + 84. Suppose 0 = -h - 2*y + 1181, -2*y = 3*y + c. Suppose 3*l + 1580 = 4*p + 7*l, 3*p + 4*l = h. Is p a prime number?
False
Let f = 959 - -402. Suppose 2*a = 3*a + r - f, -4*a + 5444 = -4*r. Is a prime?
True
Suppose 10*w - 12*w = -6028. Let k = -996 + w. Is k a composite number?
True
Let f = 30913 + 68298. Is f composite?
True
Let s be -2*(-2)/(-4)*3. Let f(k) = k**2 + k - 3. Let v be f(s). Suppose 5*n = 2*o - v*o + 55, 0 = -4*n - o + 45. Is n composite?
True
Suppose 0 = 4*c + 333 + 87. Let x = c + 1420. Is x a prime number?
False
Suppose j = 1190 + 6659. Is j prime?
False
Let a(q) = 550*q**2 + 6*q - 9. Suppose -2*w - 2*z + 13 = z, 2 = -2*w + 2*z. Is a(w) a prime number?
True
Let h(b) = -5238*b - 77. Is h(-1) composite?
True
Let n = -2626 + 27957. Is n composite?
True
Let w be (-1)/(3/(-162)*-3). Let l = -12 - w. Suppose 2*f + 2*s = l*s + 302, f - 166 = -s. Is f prime?
False
Suppose 0 = -21*q + 60851 + 59626. Is q a composite number?
False
Suppose 6*o - 3*o = -9. Let j(q) = 7*q + 3. Let s be j(-3). Is o/s*-2*-111 a composite number?
False
Let u = 7 - 15. Let m be 6/u - 38/(-8). Is 63 - (1 + 1 - m) a composite number?
True
Suppose 0 = 2*b - 5*p - 17247, 1 = -2*p - 1. Is b composite?
True
Is 2/(4/1634 - 0) a composite number?
True
Is (-6)/(-10) + -1 - 71331/(-65) a composite number?
False
Let t be 2*(-7)/(70/(-2725)). Let p = t + -126. Is p a 